i + u = 705. Suppose -2*f - f = -i. What is the units digit of f?
9
Let x(t) = -40*t**2 + 7. Let m(d) = 80*d**2 - 13. Let a(z) = 6*m(z) + 11*x(z). Let h be a(1). Suppose -4*n + 13 = -h. What is the tens digit of n?
1
Suppose -k = -3*r + 1209, -2*r + 4*k + 799 = k. What is the units digit of r?
4
Suppose -3*g = -0*g + 45. Let b = -28 - g. Let n = -6 - b. What is the units digit of n?
7
What is the hundreds digit of 12 + -17 - -1*(333 + -3)?
3
Let x(l) be the second derivative of -l**4/12 - 5*l**3/2 - 5*l**2 + l. Let d be 110/(6 + -17) - 2/1. What is the tens digit of x(d)?
2
Let u(n) = 2 + n**2 - 1 + 3*n**3 + 3*n - 5*n. Let v be u(1). Suppose v*k - 13 = 2*k. What is the tens digit of k?
1
What is the units digit of 8/18 - (-348054)/189?
2
What is the units digit of (-89 - -1)*(22 + -23)?
8
Let h(x) = -42*x + 13. Let n be h(4). Let q = -90 - n. What is the units digit of q?
5
Let w be (2 - 2)/5 - 12. Let o = w + 20. Suppose o = a - i - 0*i, -2*i = 4. What is the units digit of a?
6
Let a = 4633 - 2219. What is the hundreds digit of a?
4
Suppose -5066 = -3*z - 1409. What is the tens digit of z?
1
Let m(c) be the second derivative of -10*c + 0 + 1/3*c**4 + 2*c**2 - 1/6*c**3. What is the tens digit of m(3)?
3
Let n(a) be the first derivative of a**3/3 + 15*a**2/2 - 26*a + 3. What is the units digit of n(-25)?
4
Suppose 24*i - 20*i + 3*r - 9492 = 0, -2*i + 4720 = -5*r. What is the thousands digit of i?
2
Let m(j) = 4*j**3 + 8*j**2 + 4*j + 10. Let c(i) = -5*i**3 - 7*i**2 - 4*i - 11. Let v(t) = 5*c(t) + 6*m(t). What is the tens digit of v(13)?
5
Suppose 5*h - m - 8 + 63 = 0, 4*m - 40 = 5*h. Let s = h - -15. Suppose -2*r + s*t + 63 = 0, 0*r - 3*t = -3*r + 87. What is the units digit of r?
4
Let r be (-2)/(-11) + 40*15/330. Suppose 0 = 2*w + 2*o - 14, -4*w + 30 + 1 = o. Suppose -68 + w = -r*l. What is the tens digit of l?
3
Let t be (-6 - (3 + -6) - 121)*-1. Let z = 5 + t. What is the hundreds digit of z?
1
Let o be ((-84)/8)/7*-2. Suppose -o*a = -n - 56, 4*n = -2*a + n + 41. Suppose -a = -2*d + 13. What is the units digit of d?
6
Suppose 5*n = 41 + 159. Let g(b) = b**2 - 13*b. Let w be g(13). Suppose -c - 5 + n = w. What is the units digit of c?
5
Let g(l) = l**3 - 3*l**2 + 9*l + 11. What is the units digit of g(6)?
3
What is the hundreds digit of ((-7)/(-4))/(-7) + (-13599)/(-12)?
1
Let t(d) = 2*d + 7. Let f be t(4). Suppose c + 3 = -f. What is the tens digit of c*(1 + 7/(-3))?
2
Let k = 319 + -543. Let h = k + 414. Let n = h - 132. What is the units digit of n?
8
Let p(q) = 10*q + 2. Let v be p(4). Suppose -4*l = -5*b - 33, -7*b + 9*b + 18 = 2*l. Suppose -2*s + v = l. What is the tens digit of s?
1
Let j be 12/(-8)*4/3. What is the tens digit of -5*(j + 1)/(6/78)?
6
Let s = 12 + -9. Let q(a) = 2*a**2 + 3*a + 3. Let x be q(s). Let u = x + -7. What is the tens digit of u?
2
Let n = 52 + -47. Suppose -48 = y - n*y. What is the units digit of y?
2
Suppose -62 - 205 = -3*r. Suppose 1829 - r = 12*h. What is the units digit of h?
5
Let f(n) = -n + 3. Let i be f(-7). Suppose t + b = -i, -2*b = -2*t + t - 7. What is the units digit of (-428)/(-12) + (-3)/t?
6
Let s be ((273/9)/(-7) + 2)*-3. Let j(u) = u**3 - 5*u**2 - 10*u + 6. What is the tens digit of j(s)?
3
Suppose 4*f - 31 = -3*l, -f - 4*f = -l - 15. Let t(m) = -m + 17. Let u be t(11). Let g = u - l. What is the units digit of g?
1
Let u be 1/(-6) - 12/(-72). Suppose u = -k - 5*k + 12. What is the units digit of k?
2
Suppose 3*b + 43 - 157 = 0. Suppose -17 = d + 2*c + 9, -4*c + 130 = -5*d. Let y = b + d. What is the tens digit of y?
1
Suppose 3021 = 3*w - 5*f, w - 445 - 572 = 5*f. What is the units digit of w?
2
Let b = 268 - -582. What is the tens digit of b?
5
What is the units digit of (1 + -5)/4*-866 + -4?
2
Let a = 1093 - 691. What is the tens digit of a?
0
Let t = 386 - 380. Let f(h) = -5*h**3 + 5*h**2 + 2*h - 2. Let r(b) = -b**3 - 1. Let m(p) = -f(p) + 4*r(p). What is the tens digit of m(t)?
2
What is the tens digit of 62712/364 + (-2)/7?
7
Let w be (-3)/2*8/6. Let r(v) = 2446*v**2 - 2*v**3 + 3*v**3 + v - 2442*v**2. What is the units digit of r(w)?
6
Suppose 619 = 7*w - 333. Suppose -4*d - w = -12*d. What is the units digit of d?
7
Suppose 0 = -61*p + 134439 + 16414. What is the hundreds digit of p?
4
Let t(c) = 361*c**2 - 23*c + 59. What is the units digit of t(3)?
9
Let v = -23 + 23. Suppose v*a - 5*a = -3*o - 449, 2*o = a - 94. What is the tens digit of a?
8
Let w be 4/34 + 5385/(-255). Let p = -16 - w. Suppose 2 = -3*b + p*b. What is the units digit of b?
1
Let v be 2 + 4 + -2 + -2. Suppose 7*k - 2*k = -3*t + 141, v*k - 62 = -4*t. What is the tens digit of k?
2
Let l be 1 - -3 - ((-1)/1 + 1). Suppose l*x + 8 = 0, 3*b - 4*x + x = 966. What is the tens digit of b?
2
Suppose 6 = 2*c - 8. Let y = 79 - c. What is the units digit of y?
2
Suppose l - 2 = -q + 5, -24 = -2*l - 4*q. Suppose 2*b - 671 = -l*b + 3*a, b - 162 = -5*a. What is the hundreds digit of b?
1
Suppose 22*s + 4 = 23*s. Suppose 2*c - c - 3*t = 9, -s*t = -c + 10. Let w(u) = u**3 - 4*u**2 - 4*u - 9. What is the units digit of w(c)?
9
Let i = -73 - -149. Suppose 6 = -2*k + 10. Suppose i = 4*y - 3*n + k*n, -5*y + 95 = -4*n. What is the units digit of y?
9
Let h(w) = -2*w**3 - 12*w**2 - 9*w + 6. Let s be h(-5). Suppose -s = -f, x + 5*f - 49 - 11 = 0. What is the units digit of x?
5
What is the tens digit of 125 + 9 + -3 + 2?
3
Suppose 0 = 4*q - 6 - 10. Suppose 2*m - 3*k - 15 = m, -q*m = 4*k + 20. Suppose -g + m*g = -11. What is the tens digit of g?
1
Let p(x) = x**3 + 18*x**2 - 15*x + 31. What is the tens digit of p(8)?
7
Let a be (3 + -1)*45/(-2). Let h be 3*6/a*-5. Suppose -5*n + 150 = -5*v, 3*n + 0*v - 95 = -h*v. What is the tens digit of n?
3
Let f(t) = 2*t**2 + 4*t + 3. Suppose 2*c + 0*c = -4. Let r be f(c). Let d(l) = -l**2 + 4*l. What is the units digit of d(r)?
3
Let m(l) = 17*l**3 - 2*l**2 - 2*l + 2. What is the tens digit of m(5)?
6
Let n(v) = v**3 + 3*v**2 - 6*v - 1. Let p(i) = i - 23. Let x be p(19). Let k be n(x). Suppose 0*f - 448 = -k*f. What is the units digit of f?
4
Suppose -z + 3139 = 488. What is the units digit of z?
1
Suppose b - 2*q = -5*q - 18, -q + 26 = -5*b. Let c be b - (0 + 1)*3. Let j = -5 - c. What is the units digit of j?
4
Suppose -3 = -n + 1. Let u be 10/7*(n + 3). Let z = u - 1. What is the units digit of z?
9
Suppose 23*d - 13*d = 1210. What is the tens digit of d?
2
Let v(d) = 10*d + 1 - 11*d + 7*d**2 + 1 - d**3. Let f be v(6). What is the units digit of (-1)/(-4) - (-1496)/f?
7
Suppose 0 = 2*c + 3 + 439. Let v = -153 - c. What is the tens digit of v?
6
Suppose 4*o - 14724 = 4*q, 4*q - 8966 = -5*o + 9466. What is the hundreds digit of o?
6
Let p = 66 + -66. Suppose -4*j + 401 - 153 = p. What is the tens digit of j?
6
Let v(x) = 78*x**2 + 7*x + 7. What is the units digit of v(-1)?
8
Let h(q) = q + 7. Let i be h(-3). Suppose i*m = -13 + 53. Suppose 0 = 7*k - m*k + 9. What is the units digit of k?
3
Suppose 2*h = 2*w - 12068 + 2586, -4*w = -5*h - 18969. What is the thousands digit of w?
4
Let j(r) = 39*r. Let x be j(5). Let p = 275 - x. What is the tens digit of p?
8
Let f = -1830 - -4178. What is the hundreds digit of f?
3
Let x = 126 + -128. Let a(o) = -15*o - 5. What is the units digit of a(x)?
5
Let b(n) = n**2 - 13*n + 25. Let o be b(11). Suppose -4*a + 2*v + 270 = 0, -o*a - 3*v + 207 = -0*a. What is the units digit of a?
8
Let c = -39 + 41. What is the tens digit of 16/8 - (-2 + (c - 87))?
8
Let z = 125 - 400. What is the units digit of (z/10)/(3/(-6))?
5
Let w be 5/((-15)/(-36)) - -3. Suppose p + 5 + w = 0. Let d = 42 + p. What is the tens digit of d?
2
Let j(f) be the second derivative of f**4/12 - 5*f**3/6 - f**2/2 + f. Let b(d) be the first derivative of j(d). What is the units digit of b(7)?
9
Suppose 5*g + v = 1056, 0 = -2*g + 4*v + 154 + 264. What is the hundreds digit of g?
2
What is the units digit of (39/(-13))/((-2)/358*3)?
9
Let l(q) = -12*q - 9*q**2 + 5*q - 12*q**3 + 7*q**3 - 22 + 4*q**3. What is the units digit of l(-10)?
8
What is the hundreds digit of -796*2/(-15) + 608/(-4560)?
1
Let j(a) = 2 + 28*a + 31*a - 52*a - a**2. What is the units digit of j(6)?
8
Let v(z) be the first derivative of z**4/4 + 4*z**3/3 - 2*z**2 - 6*z + 23. What is the tens digit of v(3)?
4
Let o = -13 - -16.